{"id":9,"date":"2022-07-27T12:20:19","date_gmt":"2022-07-27T12:20:19","guid":{"rendered":"https:\/\/evk.tolkieniana.net\/?page_id=9"},"modified":"2022-07-27T13:00:40","modified_gmt":"2022-07-27T13:00:40","slug":"ritorno-al-domani","status":"publish","type":"page","link":"https:\/\/evk.tolkieniana.net\/","title":{"rendered":"Ritorno al domani"},"content":{"rendered":"\t\t<div data-elementor-type=\"wp-post\" data-elementor-id=\"9\" class=\"elementor elementor-9\">\n\t\t\t\t\t\t<section class=\"elementor-section elementor-top-section elementor-element elementor-element-8b41426 elementor-section-boxed elementor-section-height-default elementor-section-height-default\" data-id=\"8b41426\" data-element_type=\"section\" data-e-type=\"section\">\n\t\t\t\t\t\t<div class=\"elementor-container elementor-column-gap-default\">\n\t\t\t\t\t<div class=\"elementor-column elementor-col-100 elementor-top-column elementor-element elementor-element-088491e\" data-id=\"088491e\" data-element_type=\"column\" data-e-type=\"column\">\n\t\t\t<div class=\"elementor-widget-wrap elementor-element-populated\">\n\t\t\t\t\t\t<div class=\"elementor-element elementor-element-02ab83d elementor-widget elementor-widget-heading\" data-id=\"02ab83d\" data-element_type=\"widget\" data-e-type=\"widget\" data-widget_type=\"heading.default\">\n\t\t\t\t<div class=\"elementor-widget-container\">\n\t\t\t\t\t<h2 class=\"elementor-heading-title elementor-size-default\">Ritorno al domani<\/h2>\t\t\t\t<\/div>\n\t\t\t\t<\/div>\n\t\t\t\t\t<\/div>\n\t\t<\/div>\n\t\t\t\t\t<\/div>\n\t\t<\/section>\n\t\t\t\t<section class=\"elementor-section elementor-top-section elementor-element elementor-element-1b73446 elementor-section-boxed elementor-section-height-default elementor-section-height-default\" data-id=\"1b73446\" data-element_type=\"section\" data-e-type=\"section\">\n\t\t\t\t\t\t<div class=\"elementor-container elementor-column-gap-default\">\n\t\t\t\t\t<div class=\"elementor-column elementor-col-100 elementor-top-column elementor-element elementor-element-084357b\" data-id=\"084357b\" data-element_type=\"column\" data-e-type=\"column\">\n\t\t\t<div class=\"elementor-widget-wrap elementor-element-populated\">\n\t\t\t\t\t\t<div class=\"elementor-element elementor-element-ae4ddab elementor-widget elementor-widget-text-editor\" data-id=\"ae4ddab\" data-element_type=\"widget\" data-e-type=\"widget\" data-widget_type=\"text-editor.default\">\n\t\t\t\t<div class=\"elementor-widget-container\">\n\t\t\t\t\t\t\t\t\t<p class=\"paragraph_style_1\">Curiosamente, questa canzone di perdita e malinconia nasce dalla lettura di un romanzo di fantascienza di <em><strong>L.R. Hubbard<\/strong> <\/em>uscito in Italia nel 1954, <em>Ritorno al Domani <\/em><span class=\"style\"><em>(To the Stars)<\/em>.<\/span><\/p><p class=\"paragraph_style_1\">Alan Corday, un giovane tecnico di una Chicago non troppo lontana nel futuro &#8211; due o trecento anni &#8211; viene rapito da un gruppo di disperati su di un\u2019astronave (il \u201cLevriero del cielo\u201d), e costretto a compiere con loro un viaggio nello spazio a velocit\u00e0 appena sub-luce: quando, dopo alcuni mesi, riuscir\u00e0 a fare ritorno e correr\u00e0 disperato alla ricerca di Cherita, la sua adorata fidanzata rimasta sulla Terra, si trover\u00e0 a vagare nella notte e nel buio di una Chicago mutata, che egli non riconosce pi\u00f9, proprio come Cherita, ormai un\u2019arzilla vecchietta dalla mente un po\u2019 confusa, non riconoscer\u00e0 pi\u00f9 lui, dopo averlo atteso inutilmente per pi\u00f9 di settant\u2019anni.<\/p><p class=\"paragraph_style_1\">Siamo nello spazioporto di Chicago subito prima che il protagonista venga rapito. Egli viene attratto, nella notte, da una musica di pianoforte che proviene non si sa bene da dove, una musica ultraterrena, affascinante e misteriosa:<\/p>\t\t\t\t\t\t\t\t<\/div>\n\t\t\t\t<\/div>\n\t\t\t\t\t<\/div>\n\t\t<\/div>\n\t\t\t\t\t<\/div>\n\t\t<\/section>\n\t\t\t\t<section class=\"elementor-section elementor-top-section elementor-element elementor-element-9c2f4de elementor-section-boxed elementor-section-height-default elementor-section-height-default\" data-id=\"9c2f4de\" data-element_type=\"section\" data-e-type=\"section\">\n\t\t\t\t\t\t<div class=\"elementor-container elementor-column-gap-default\">\n\t\t\t\t\t<div class=\"elementor-column elementor-col-100 elementor-top-column elementor-element elementor-element-8111ec9\" data-id=\"8111ec9\" data-element_type=\"column\" data-e-type=\"column\">\n\t\t\t<div class=\"elementor-widget-wrap elementor-element-populated\">\n\t\t\t\t\t\t<div class=\"elementor-element elementor-element-a65fd0c elementor-widget elementor-widget-video\" data-id=\"a65fd0c\" data-element_type=\"widget\" data-e-type=\"widget\" data-settings=\"{&quot;youtube_url&quot;:&quot;https:\\\/\\\/youtu.be\\\/1_UhkUM64uY&quot;,&quot;autoplay&quot;:&quot;yes&quot;,&quot;play_on_mobile&quot;:&quot;yes&quot;,&quot;loop&quot;:&quot;yes&quot;,&quot;video_type&quot;:&quot;youtube&quot;,&quot;controls&quot;:&quot;yes&quot;}\" data-widget_type=\"video.default\">\n\t\t\t\t<div class=\"elementor-widget-container\">\n\t\t\t\t\t\t\t<div class=\"elementor-wrapper elementor-open-inline\">\n\t\t\t<div class=\"elementor-video\"><\/div>\t\t<\/div>\n\t\t\t\t\t\t<\/div>\n\t\t\t\t<\/div>\n\t\t\t\t\t<\/div>\n\t\t<\/div>\n\t\t\t\t\t<\/div>\n\t\t<\/section>\n\t\t\t\t<\/div>\n\t\t","protected":false},"excerpt":{"rendered":"<p>Ritorno al domani Curiosamente, questa canzone di perdita e malinconia nasce dalla lettura di un romanzo di fantascienza di L.R. Hubbard uscito in Italia nel 1954, Ritorno al Domani (To the Stars). Alan Corday, un giovane tecnico di una Chicago non troppo lontana nel futuro &#8211; due o trecento anni &#8211; viene rapito da un &hellip; <\/p>\n<p class=\"link-more\"><a href=\"https:\/\/evk.tolkieniana.net\/\" class=\"more-link\">Leggi tutto<span class=\"screen-reader-text\"> &#8220;Ritorno al domani&#8221;<\/span><\/a><\/p>\n","protected":false},"author":1,"featured_media":0,"parent":0,"menu_order":0,"comment_status":"closed","ping_status":"closed","template":"elementor_canvas","meta":{"footnotes":""},"class_list":["post-9","page","type-page","status-publish","hentry"],"_links":{"self":[{"href":"https:\/\/evk.tolkieniana.net\/index.php\/wp-json\/wp\/v2\/pages\/9","targetHints":{"allow":["GET"]}}],"collection":[{"href":"https:\/\/evk.tolkieniana.net\/index.php\/wp-json\/wp\/v2\/pages"}],"about":[{"href":"https:\/\/evk.tolkieniana.net\/index.php\/wp-json\/wp\/v2\/types\/page"}],"author":[{"embeddable":true,"href":"https:\/\/evk.tolkieniana.net\/index.php\/wp-json\/wp\/v2\/users\/1"}],"replies":[{"embeddable":true,"href":"https:\/\/evk.tolkieniana.net\/index.php\/wp-json\/wp\/v2\/comments?post=9"}],"version-history":[{"count":13,"href":"https:\/\/evk.tolkieniana.net\/index.php\/wp-json\/wp\/v2\/pages\/9\/revisions"}],"predecessor-version":[{"id":34,"href":"https:\/\/evk.tolkieniana.net\/index.php\/wp-json\/wp\/v2\/pages\/9\/revisions\/34"}],"wp:attachment":[{"href":"https:\/\/evk.tolkieniana.net\/index.php\/wp-json\/wp\/v2\/media?parent=9"}],"curies":[{"name":"wp","href":"https:\/\/api.w.org\/{rel}","templated":true}]}}